mmon divisor of 2380 and 40936.
476
Calculate the greatest common divisor of 9503 and 117.
13
What is the greatest common divisor of 118032 and 120?
24
What is the greatest common factor of 530 and 793622?
106
Calculate the highest common factor of 30498 and 2553.
69
What is the highest common divisor of 399504 and 18676?
812
Calculate the highest common factor of 96 and 82496.
32
What is the greatest common factor of 384566 and 364?
182
What is the greatest common divisor of 71951 and 341?
341
What is the greatest common divisor of 36 and 182025?
9
What is the greatest common divisor of 5168 and 209?
19
Calculate the highest common divisor of 3083956 and 568.
284
Calculate the greatest common factor of 24 and 9378.
6
Calculate the highest common factor of 48 and 31184.
16
Calculate the greatest common divisor of 28 and 8715.
7
Calculate the greatest common divisor of 1786 and 474418.
94
Calculate the greatest common divisor of 9884 and 196.
28
What is the greatest common factor of 2032 and 8255?
127
Calculate the highest common divisor of 62 and 380928.
62
Calculate the greatest common divisor of 76 and 39387.
19
What is the highest common divisor of 53760 and 10?
10
Calculate the highest common factor of 46 and 80914.
46
What is the greatest common divisor of 112 and 26192?
16
What is the greatest common divisor of 22551 and 117?
3
Calculate the highest common factor of 139610 and 184.
46
What is the highest common divisor of 6 and 718806?
6
Calculate the greatest common divisor of 60299 and 119.
17
What is the highest common factor of 1196084 and 268?
268
What is the highest common factor of 2680 and 21708?
268
Calculate the greatest common divisor of 273528 and 131.
131
What is the highest common divisor of 99 and 6303?
33
Calculate the highest common divisor of 155505 and 105.
105
What is the highest common divisor of 14507 and 114263?
163
What is the highest common divisor of 10912 and 12958?
682
What is the highest common factor of 202792 and 88?
8
What is the highest common factor of 33 and 87307?
11
What is the highest common divisor of 6 and 3246?
6
Calculate the greatest common factor of 1890 and 35994.
42
What is the greatest common factor of 1002 and 105711?
501
Calculate the greatest common factor of 83300 and 294.
98
Calculate the highest common factor of 7634 and 572.
22
What is the highest common factor of 539 and 2254?
49
Calculate the greatest common divisor of 1320 and 120.
120
Calculate the greatest common divisor of 19375 and 3658.
31
Calculate the highest common divisor of 19205 and 345.
115
Calculate the highest common divisor of 378 and 37254.
42
Calculate the greatest common factor of 193 and 14633453.
193
Calculate the highest common factor of 310542 and 146.
146
What is the highest common divisor of 357 and 59262?
357
What is the greatest common divisor of 212 and 1660?
4
What is the greatest common factor of 206 and 12718?
2
What is the highest common factor of 645 and 1695?
15
Calculate the greatest common factor of 17160 and 11000.
440
Calculate the highest common divisor of 120 and 3555.
15
What is the greatest common factor of 45708 and 260?
52
What is the greatest common factor of 1292 and 2356?
76
What is the highest common factor of 550121 and 1001?
143
What is the greatest common factor of 42 and 6830229?
21
What is the greatest common divisor of 32267 and 84996?
787
What is the greatest common factor of 1785 and 13335?
105
What is the highest common divisor of 67468 and 32732?
668
What is the greatest common divisor of 62887 and 22?
11
Calculate the greatest common divisor of 752 and 1270786.
94
What is the greatest common divisor of 300 and 58650?
150
What is the greatest common factor of 30 and 7606?
2
What is the greatest common factor of 408978 and 36?
18
Calculate the highest common factor of 394 and 7289.
197
Calculate the highest common divisor of 42 and 669172.
14
Calculate the greatest common divisor of 69 and 540.
3
Calculate the greatest common factor of 117375 and 2817.
939
What is the highest common divisor of 12996 and 633916?
1444
What is the greatest common factor of 71906 and 4867?
157
What is the greatest common factor of 1796810 and 470?
470
What is the highest common divisor of 6705980 and 20?
20
Calculate the greatest common divisor of 10 and 2560.
10
What is the highest common divisor of 1822 and 7453802?
1822
Calculate the highest common factor of 24173 and 23.
23
Calculate the greatest common divisor of 122694 and 39.
39
What is the highest common factor of 72 and 96296?
8
What is the highest common factor of 240 and 423888?
48
What is the highest common factor of 47281 and 91?
13
Calculate the greatest common factor of 2470 and 5330.
130
What is the greatest common divisor of 310 and 86090?
10
Calculate the highest common divisor of 16093 and 77.
77
What is the highest common factor of 1800 and 6975?
225
Calculate the greatest common divisor of 456 and 1748.
76
What is the highest common divisor of 758317 and 14?
7
What is the highest common divisor of 1092 and 11700?
156
Calculate the highest common factor of 12 and 63996.
12
Calculate the greatest common divisor of 1320 and 18240.
120
Calculate the greatest common divisor of 206680 and 800.
40
What is the greatest common divisor of 753870 and 156?
78
Calculate the highest common divisor of 4828 and 12.
4
What is the highest common factor of 2541 and 59136?
231
Calculate the greatest common factor of 655 and 4061.
131
What is the greatest common divisor of 893 and 1368?
19
Calculate the highest common factor of 1808 and 10283.
113
Calculate the greatest common factor of 1107 and 11357.
41
Calculate the greatest common factor of 5299 and 91.
7
Calculate the highest common factor of 77 and 3167395.
77
Calculate the greatest common factor of 14478 and 7874.
254
What is the highest common divisor of 530 and 17914?
106
Calculate the highest common divisor of 1760 and 113760.
160
What is the greatest common factor of 105 and 64755?
15
Calculate the highest common factor of 6560 and 326360.
1640
What is the highest common factor of 144 and 3411?
9
What is the highest common factor of 696 and 340170?
174
Calculate the highest common divisor of 799 and 1241.
17
Calculate the greatest common divisor of 26075 and 11165.
35
Calculate the highest common divisor of 89 and 739590.
89
What is the greatest common divisor of 1640 and 48?
8
Calculate the highest common factor of 2485 and 505.
5
What is the greatest common factor of 352166 and 74?
74
Calculate the highest common factor of 452 and 1928.
4
Calculate the greatest common factor of 49 and 41552.
49
Calculate the greatest common divisor of 104 and 78598.
26
What is the highest common factor of 9087 and 8229?
39
What is the highest common factor of 2208 and 288?
96
What is the greatest common factor of 17465 and 280?
35
Calculate the greatest common divisor of 93 and 372.
93
What is the greatest common divisor of 2418 and 260741?
403
What is the highest common factor of 2300 and 259700?
100
What is the greatest common factor of 20 and 100728?
4
Calculate the greatest common factor of 4352 and 23290.
34
Calculate the greatest common factor of 6148 and 15892.
116
What is the highest common factor of 1190682 and 1566?
522
What is the highest common factor of 84187 and 319?
29
Calculate the highest common divisor of 270592 and 672.
224
Calculate the greatest common divisor of 869 and 80817.
869
Calculate the greatest common factor of 212126 and 34.
34
Calculate the greatest common factor of 5635 and 1035.
115
Calculate the greatest common divisor of 571613 and 28.
7
What is the highest common factor of 16247 and 1392811?
1477
Calculate the highest common factor of 3950 and 237.
79
What is the greatest common factor of 437 and 1387?
19
What is the greatest common factor of 52 and 9248?
4
Calculate the greatest common factor of 672 and 535680.
96
Calculate the greatest common factor of 42 and 11326.
14
Calculate the greatest common factor of 41829 and 7831.
191
Calculate the greatest common divisor of 2509 and 11773.
193
Calculate the greatest common divisor of 250 and 326.
2
Calculate the highest common factor of 2410 and 6290.
10
Calculate the greatest common divisor of 115 and 3175.
5
Wha